et s be 194/(-18) + 18/(-81). Let h(x) = -5*x - 18. Let r be h(s). List the prime factors of r/5 - (-48)/80.
2
Let a be (-1 - 1) + 2/(-1). Let b(r) = r**2 + 3*r - 4. Let n be b(a). Suppose n*v + 48 = 2*v. List the prime factors of v.
2, 3
Let r be (0 - 2)/((-2)/(-4)). Suppose 0 = -3*z + 5*j - 207 - 481, z = 2*j - 229. List the prime factors of (-3276)/z - r/(-22).
2, 7
Suppose -918 - 42 = -5*t. Suppose 2*j + 2*j = t. List the prime factors of j.
2, 3
Let p = -16 - -269. List the prime factors of p.
11, 23
Let o be 51 + 2 - -2 - -1. Let j be (16/o)/((-1)/(-21)). Suppose j + 7 = h. What are the prime factors of h?
13
Suppose 16 = n - 4*b, 5*b = 5 - 15. Suppose 5*y + 15 = 5*w, -4*w + 4*y + n = -w. What are the prime factors of (w/5)/(14/175)?
2, 5
Let l be 4/2*(-21)/(-14). Suppose c + l = 38. List the prime factors of c.
5, 7
Suppose 122*q - 135*q = -6097. What are the prime factors of q?
7, 67
Suppose -4*d + 27 = -d. Suppose 10*f = 12*f - 22. Suppose -5*j + d = -f. What are the prime factors of j?
2
Suppose 21*j = 24*j. Suppose j = 5*d - 122 - 433. List the prime factors of d.
3, 37
Suppose 45*a + 23045 - 110480 = 0. What are the prime factors of a?
29, 67
Let y be 8/3*(-3)/(-2). Suppose -992 = n + y*m + 154, -m = -4*n - 4584. List the prime factors of n/(-42) + (-4)/14.
3
Suppose 4*d - 1843 = 1481. List the prime factors of d.
3, 277
Suppose 7*a - 2*a - 4 = -k, 4*k + a = 16. Suppose 752 = k*q + 4*n, 4*q + 9 - 731 = 2*n. List the prime factors of q.
3, 61
Let f(n) = 36*n**2 - 23*n - 9. What are the prime factors of f(5)?
2, 97
Let h(t) = t**3 + 4*t**2 + 7*t + 4. Let v(g) = g**3 + 4*g**2 + 8*g + 5. Let l(m) = -5*h(m) + 4*v(m). List the prime factors of l(-5).
2, 5
Let b(l) = -10*l**3 - 2*l**2 + 10*l + 29. List the prime factors of b(-3).
251
Suppose 3*c - 17 = 25. Let y be (-8 + 6)/((-2)/c). Let m = 18 - y. What are the prime factors of m?
2
Suppose -5*s + 14 = -1, 3*s - 1499 = -5*w. List the prime factors of w.
2, 149
Suppose -3*s - 11 - 12 = -2*g, 3*s + 19 = g. Let o = 33 - 19. Suppose 0 = g*r - 34 - o. List the prime factors of r.
2, 3
Suppose -2*w = -v + 63, 3*w + 72 = w + 4*v. What are the prime factors of (w/(-25))/((-6)/(-380))?
2, 19
Let u be (-2)/5 + (-22)/(-55). Suppose -2*f - 10*f + 1320 = u. What are the prime factors of f?
2, 5, 11
Let n(b) = b**3 - 12*b**2 + 5*b - 13. Let w be n(12). Let s be 2/(-4) - (-129)/6. Let t = w - s. List the prime factors of t.
2, 13
Let i(s) = s**3 - 15*s**2 + 67*s - 10. List the prime factors of i(5).
3, 5
Suppose -8 = -h + 2*f, 7*h - 3*f = 2*h + 12. Let l(m) = -14*m - 14. Let y be l(-1). Suppose k - 3 + y = h, 4*k + 96 = 3*u. List the prime factors of u.
2, 3
Suppose 3*w = -89 + 236. Let l = w + -28. Suppose 5*s - o - l = -3*o, 3*s = 5*o - 6. List the prime factors of s.
3
Let j(k) = k**3 + 5*k**2 - 7*k - 3. Let h be j(-6). Suppose 3*q - 3 = 9. Suppose 3*w = h*y - 108, 5*y = -0*w - q*w + 162. What are the prime factors of y?
2, 17
Suppose -24271 = -25*c + 2354. List the prime factors of c.
3, 5, 71
Let a(o) = -138*o + 258. List the prime factors of a(-6).
2, 3, 181
Suppose 0 = 2*f + 3*k - 3, -f - 4*k = 6. Let i = f + 26. List the prime factors of i.
2
Suppose 0 = 9*a - 235 + 28. Let h(p) = -p**3 - 7*p**2 - 6*p - 13. Let k be h(-6). Let t = k + a. List the prime factors of t.
2, 5
Let a = 254 + -65. Suppose 0 = -9*h + 774 - a. List the prime factors of h.
5, 13
Let b be (12/5)/((-9)/(-60)). Suppose 0*w = -w + b. Suppose -6*m + z = -4*m - 78, 4*z = -w. List the prime factors of m.
37
Let j be 4 + (3 - (0 + 0)). Suppose -2*u + 10 = 3*a, 3*a - 3*u = -j*u + 14. List the prime factors of a.
2
Let i = 1469 + -740. What are the prime factors of i?
3
Suppose -3*f + 29 = 2*b + 2*b, 2*b + f = 13. Suppose b*o - 28 = 4*o. What are the prime factors of (-3)/(-2)*o/3?
2, 7
Let w(u) = u + 11. Let f be w(-12). Let y(v) = -10*v**2 - v. Let l be y(f). Let q(o) = -3*o - 10. List the prime factors of q(l).
17
Let r = -5 - -8. Suppose 0 = 5*c - 2*c + 2*z - 106, -r*c - 5*z = -112. List the prime factors of c.
2, 17
Let t = -33 - -39. Suppose 70 = t*r + r. List the prime factors of r.
2, 5
Let r(t) = t**2 - 4*t + 9. Suppose -2*y = -5*b - 33, -4*b + 0*b + y - 24 = 0. What are the prime factors of r(b)?
2, 3
Suppose -310*z - 2538 = -313*z. List the prime factors of z.
2, 3, 47
Suppose 195 = 2*a - 0*a + 3*s, 3*s + 9 = 0. Let k be (a/(-12))/((-2)/20). Suppose -k = 34*f - 39*f. List the prime factors of f.
17
Suppose -2*c + 4*v + 421 = -1125, -2*c - 4*v = -1522. List the prime factors of c.
13, 59
Let r(s) = s**3 - 22*s**2 + s - 25. Let d be r(22). List the prime factors of d/(4 - (-417)/(-102)).
2, 17
Let r be 2*4*1/(-6)*3. What are the prime factors of (r + 0)*(-36 - (-4 + 3))?
2, 5, 7
Let q(n) = 72*n - 22. List the prime factors of q(8).
2, 277
Let u(j) = -15*j - 7. Suppose -8*h = -13*h - 20. List the prime factors of u(h).
53
Suppose -19925 = -20*w + 49655. What are the prime factors of w?
7, 71
Let a = 12 - 7. What are the prime factors of (-433)/(-4) - (a - 19/4)?
2, 3
Let v = 1830 - 680. What are the prime factors of v?
2, 5, 23
Let h be (-4)/(-6) - (-73)/3. Let b = 1203 - 1157. Let u = b + h. What are the prime factors of u?
71
Suppose 0 = 4*z + 16, 0 = -3*u + 3*z + 690. What are the prime factors of u?
2, 113
Suppose 2*o + 32 = 4*p, 0 = -3*o + 2*p - 45 + 5. Let a be 2/(-5) + 210/25. What are the prime factors of o/(-3)*36/a?
2, 3
Let s(k) = 5*k. Let v(y) = 9*y + 1. Let x(b) = -5*s(b) + 3*v(b). Let d be (4/5)/((-4)/(-10)). What are the prime factors of x(d)?
7
Suppose 0 = -3*q + 2*g + 1, 2*g + 3*g + 13 = -3*q. What are the prime factors of (131/(-2))/(q/2 - 0)?
131
Let a(j) = j**2 + 7*j - 7 + 0*j**2 + j**2. Let c(o) = 2*o - 20. Let y be c(7). List the prime factors of a(y).
23
Suppose -4*b + r = -6054, -605 = 5*b + 4*r - 8162. List the prime factors of b.
17, 89
Let m(o) = 273*o**2 + 8*o - 9. What are the prime factors of m(1)?
2, 17
Suppose -8*t + 3*t = 120. Let x = 7 - t. What are the prime factors of x?
31
Let z = 1081 + -432. What are the prime factors of z?
11, 59
Let m(w) = 22*w**2 - 10*w - 7. What are the prime factors of m(-5)?
593
Let a(n) = -3*n**2 - 7. Let i be a(3). Let p = i - -58. List the prime factors of p.
2, 3
Let g(r) = r**2 + 6*r + 7. Let m(i) = -i**2 - i + 4. Let x(b) = -b - 5. Let k be x(-8). Let u be m(k). List the prime factors of g(u).
23
Let i = -61 + 36. Let b be (-12 - -17)/((-2)/(-4)). What are the prime factors of b/i*(0 - 110)?
2, 11
Suppose 4*v - 37 = -4*j - 169, 0 = -3*v + 4*j - 85. Let l = v - -125. What are the prime factors of l?
2, 47
Suppose -5*a - 22550 = -46*a. List the prime factors of a.
2, 5, 11
Suppose -4*g + 1 - 5 = 0. Let l be (-3003)/(-26) - g/2. Suppose 4*f - 8*f + l = 0. List the prime factors of f.
29
Let x(n) = -123*n - 3. Let t be x(-1). Let d = -23 + t. What are the prime factors of d?
97
Let q(d) be the second derivative of -1/20*d**5 + 3/4*d**4 + 0 - 2/3*d**3 - 6*d - 4*d**2. What are the prime factors of q(8)?
2, 3
Let y = 1440 - 829. List the prime factors of y.
13, 47
Suppose -13515 = -9*l + 12891. What are the prime factors of l?
2, 3, 163
Let n = -3297 - -5935. List the prime factors of n.
2, 1319
Suppose -z - 2*c - 360 = 0, -z + 46 - 406 = -4*c. Let i = -248 - z. What are the prime factors of i?
2, 7
Suppose 1076 = 4*a + 2*z, -32 = -4*a + 3*z + 1044. What are the prime factors of a?
269
Let p be (-1 - -1)*(6 + 11/(-2)). Suppose -3*z + 162 + 147 = p. List the prime factors of z.
103
Suppose 4*b = -5*z + 1856, -2*b + 1242 = -4*z + 288. What are the prime factors of b?
7, 67
Let n(i) = 15*i**2 - 10*i + 2. Let a be n(4). Let c = a + -95. List the prime factors of c.
107
Suppose -4*r - 13624 = -17*r. List the prime factors of r.
2, 131
Suppose 3 = 3*i - 3. Suppose 34 = i*a - 4. List the prime factors of a.
19
Suppose -i + 55 = -5*d + 16, 35 = i - 3*d. List the prime factors of 2 + i + -1 + 0.
2, 3, 5
Let v(r) = -240*r + 648. What are the prime factors of v(-4)?
2, 3, 67
Suppose 13*b - 17397 = 23384. What are the prime factors of b?
3137
Let v be ((-1)/(-1))/((-3)/(-6)). Suppose 2*s = -2*f + s + 265, -v*f + 2*s + 250 = 0. List the prime factors of f.
2, 5, 13
Let y be 11/2 - 13/26. Suppose y*g + 5*u = u + 242, 5*g + 2*u - 236 = 0. List the prime factors of g.
2, 23
